 -4*k - 84. What are the prime factors of k?
7
Suppose 5*q + 72 = 2. Let v = q + 105. What are the prime factors of v?
7, 13
Let j = -1501 - -2194. List the prime factors of j.
3, 7, 11
Let c(y) = 2*y**2 - 4*y + 2. Let q be c(6). Suppose -q = -2*z + z + 2*l, 4*z + 2*l - 250 = 0. What are the prime factors of z?
2, 3, 5
Suppose -140 - 3225 = -5*q. What are the prime factors of q?
673
Let c(n) = n**2 + 22. Let x be c(0). Let l = 27 - x. What are the prime factors of (0 + 34)*(-3 + l)?
2, 17
Suppose -g = 3 - 28. List the prime factors of g.
5
Let m(u) = u**3 - 16*u**2 - 15*u - 15. Let z be m(17). Let r = z + 13. What are the prime factors of r?
2
Suppose 3*o + 3*j - 11289 = 0, -2*o - 3*j = -1876 - 5649. List the prime factors of o.
2, 941
Suppose -5*k - 430 = 4*u, 2*u + 2*u - 3*k + 446 = 0. Suppose c + 200 = -5*b - 129, -5*b = 4*c + 341. Let t = b - u. List the prime factors of t.
3, 5
Suppose -6*o + 548 = 56. Suppose 0 = -m - 2*s + 14, -5*m - 14*s + 10*s = -o. List the prime factors of m.
2, 3
Let o(d) be the second derivative of 35*d**3/6 + 3*d**2/2 - 7*d. Let s be o(3). Suppose -2*k = k - 6, -s = -4*n + 2*k. What are the prime factors of n?
2, 7
Let m = 635 + 699. List the prime factors of m.
2, 23, 29
Let x be 297/55*10/3. Suppose -12*v + 6*v + x = 0. List the prime factors of v.
3
List the prime factors of 2/(108/21555) - (-2)/(-12).
3, 7, 19
Let c be 2 + -3 - -10*2/2. List the prime factors of (-2)/c - 9171/(-81).
113
Suppose -2*w = -3*g + 9 + 13, w = g - 9. Suppose g*k - 8*k + 368 = 0. What are the prime factors of k?
2, 23
Let v(q) = 9*q**2 - 4*q + 2. Let w be v(3). Let p be (186/(-8) - 6) + 3/12. Let i = p + w. List the prime factors of i.
2, 3, 7
List the prime factors of -2 + -1*((4 - 3) + -350).
347
Let p = -5 + 145. List the prime factors of p.
2, 5, 7
Let s be ((-56)/6)/((-20)/450). Suppose -g = -4*g + s. List the prime factors of g.
2, 5, 7
Let f be (1*4/(-8))/(2/20). Let z be -4 + ((-4)/(-2) - 0). List the prime factors of 4*1/z*f.
2, 5
Let g(s) = s**2 - 5*s - 3. Let d be g(6). Suppose 0 = 3*b - x - d*x + 10, -2 = b - x. Let f(i) = 4*i**3 - 2*i**2 - 2. What are the prime factors of f(b)?
2, 11
Suppose 47*u = 44*u + 72. Suppose l = -2*l + 2*z - 25, u = -2*l + 5*z. List the prime factors of (-194)/(-14) - 1/l.
2, 7
What are the prime factors of 1717 + (14 - 9) + -5 + 0?
17, 101
Let j = -1183 - -1306. What are the prime factors of j?
3, 41
Suppose -378 + 12798 = 18*a. What are the prime factors of a?
2, 3, 5, 23
Let a = 74 + 579. List the prime factors of a.
653
Suppose -4*q - 3*k + 35 = -8, 40 = 5*q + k. Suppose q*h - 150 = h. List the prime factors of h.
5
Suppose 3*v = 49 + 86. List the prime factors of 1 + 7914/v + (-4)/(-30).
3, 59
Let d(t) = -3*t**3 - t**2 - 8*t - 36. What are the prime factors of d(-5)?
2, 3, 59
Suppose -a + 3*c = -6*a + 404, -5*a + 3*c = -416. Suppose 2*v - a = 4*v. Let u = 78 + v. List the prime factors of u.
37
Suppose -3*l + 6 + 0 = 0. Suppose -l*h - t + 7 = 0, 0 = 2*h - 6*h - 4*t + 4. Let b = h + 1. What are the prime factors of b?
7
Suppose -672 = -2*j - 6*j. List the prime factors of j.
2, 3, 7
What are the prime factors of -11 + 2865 + (0 - 11)?
2843
Suppose -5*f = 4*o + 42, 3*f + 5*o = 8*f + 15. List the prime factors of ((-4)/f)/(24/1476).
41
Let g(p) = -p**3 + p**2 - p. Let m be g(1). Let s be (-19 + 2/(-2))/m. Suppose 0 = -3*v + 4*q + s + 6, 5*v + 2*q = 52. What are the prime factors of v?
2, 5
Suppose -478*b + 481*b = 1848. What are the prime factors of b?
2, 7, 11
Suppose m + 3877 = 4*w - 1778, -4*w + 2*m = -5654. List the prime factors of w.
2, 7, 101
Let i(b) = -41*b**3 - b**2 + b - 1. Let u be i(1). Let t = u + 31. What are the prime factors of (-2)/t - (-6312)/132?
2, 3
Suppose -7*i + 9*i - 2082 = 0. List the prime factors of i.
3, 347
Suppose 2*h + 325 = 1211. What are the prime factors of h?
443
Suppose 663*f + 150 = 664*f. What are the prime factors of f?
2, 3, 5
Let u = -26 + 25. Let i = -1 - u. Suppose i = v + 14 - 48. What are the prime factors of v?
2, 17
List the prime factors of -1 + 9/7 - (-334194)/294.
3, 379
Let d = -173 + 363. Suppose 3*o - d = -40. List the prime factors of o.
2, 5
Suppose -5*y - 54 = j, -j + 50 = -5*y - 6. Let h = y + 16. Suppose 10 = s + h*o, 19 = -4*o + 3. What are the prime factors of s?
2, 3, 5
Let y(x) = 143*x + 14. List the prime factors of y(3).
443
What are the prime factors of (-37854)/(-12) + 4/((-16)/(-6))?
2, 3, 263
Let w(o) = -o**2 - 19*o + 4. Let i(j) = j**2 - 16*j + 38. Let d be i(12). List the prime factors of w(d).
2, 47
Let c(b) = -122*b - 509. What are the prime factors of c(-7)?
3, 5, 23
Let k be (2/4)/(12/120). Suppose t - 7 = -3*y, 2*y = k*t - 3*y - 15. List the prime factors of 301/t - (-33)/44.
2, 19
Suppose -2*l - 871 = -3475. What are the prime factors of l?
2, 3, 7, 31
Suppose 9*y + 5308 = 32146. What are the prime factors of y?
2, 3, 7, 71
Suppose -3*j = -2*j + 2. Let i be 4/(-2)*11/j. List the prime factors of (-234)/(-5) - i/(-55).
47
What are the prime factors of 24/15*1020/(0 - -4)?
2, 3, 17
Let b = 41 + -42. What are the prime factors of b/(-10)*2 - 6948/(-60)?
2, 29
Suppose -h + 224 + 196 = 0. What are the prime factors of h?
2, 3, 5, 7
Suppose -4 = -2*q, -5*o + 8*o - 1306 = 4*q. What are the prime factors of o?
2, 3, 73
Suppose -i + 22 = -3*g, 3*i - 44 = -i + g. Let t(k) = -k**3 + 10*k**2 + 6*k - 8. List the prime factors of t(i).
2, 13
Let j = 602 + -97. List the prime factors of j.
5, 101
Let f(l) = -52*l + 332. List the prime factors of f(6).
2, 5
Suppose 12*f + 24089 - 60065 = 0. List the prime factors of f.
2, 1499
Let s be -222*(3 - 5 - -1). Let r = -89 + s. What are the prime factors of r?
7, 19
Let m(z) = 2*z**2 + 8*z + 6. Let q be m(-4). Let a be 392/21 + 2/q. Suppose 5*n = -15, 5*n + a = 5*p - 46. List the prime factors of p.
2, 5
Suppose 2*a - 2*n - 6 = 12, 1 = a + n. What are the prime factors of 3/a + (-4917)/(-55)?
2, 3, 5
Let r be (-126)/(-26) - 4/(-26). Let y(f) = 12*f + 25. List the prime factors of y(r).
5, 17
Suppose 4*f = 6*b - 2*b + 5764, -4*f - 3*b + 5743 = 0. What are the prime factors of f?
2, 719
List the prime factors of 933 + -5 + (-6 - -4).
2, 463
Let p(z) = -z**3 - 23*z**2 + 22*z + 4. Let l be 20/5*(-2)/(-8)*-24. What are the prime factors of p(l)?
2, 13
Let a = -19 + 154. Let f be 295/9 - (-30)/a. List the prime factors of (f/22)/(3/104).
2, 13
Let b(x) = x**2 - 9*x + 3. Let l be 2/11 + (-40)/(-22). Suppose 3*c - l*o = 23, 0*o - o - 6 = -c. List the prime factors of b(c).
5
Suppose t + 1 - 49 = 0. Let r = t - 5. Let w = r + -9. What are the prime factors of w?
2, 17
Let z = 48 + -25. Suppose -2*h = 4*v - 2, -3*v - 3*h - 5 = -8*h. Suppose 2*a - 139 + z = v. What are the prime factors of a?
2, 29
Let d be ((15/9)/(-5))/((-1)/1695). Suppose -3*i = -0*i - l - d, 5*l = -2*i + 388. What are the prime factors of i?
3, 7
Let a = -1301 - -3722. List the prime factors of a.
3, 269
Let b be 2/((22/40)/(-11)). What are the prime factors of b/(-60)*(-366)/(-4)?
61
Suppose -10*v = -4473 - 5637. List the prime factors of v.
3, 337
List the prime factors of (-21)/6*((-4173)/21 + -3).
2, 353
Suppose 3773 + 1859 = 11*x. What are the prime factors of x?
2
Suppose 6 = -2*s + 4*x, -3*s + 4*s - 2 = -3*x. What are the prime factors of (-1040)/(-10) - (s - -4)?
101
Suppose 3*l = 36 + 12. Suppose -l*u + 13*u + 12 = 0. Suppose 3*q - 149 = u*a, 15 = -4*a + a. What are the prime factors of q?
43
Let r(o) = 130*o**2 + 3*o + 1. What are the prime factors of r(2)?
17, 31
Suppose -2*s = 2*y - 10, 4*y = 3*s + 5*y - 15. Suppose 11 + 3 = m + 4*j, s*j = 0. List the prime factors of m.
2, 7
Let f be 9/(-21) - 2332/14. Let h = f - -473. What are the prime factors of h?
2, 3, 17
Let p be -1 - 2 - (-286 + (-18)/(-6)). Let n = 471 - p. List the prime factors of n.
191
Let y = -771 - -1094. List the prime factors of y.
17, 19
Let x = 255 - 145. Let o = x + 3. List the prime factors of o.
113
List the prime factors of (72756/72)/(3 + (-15)/6).
43, 47
Let f(j) = j**3 + j**2 + 9*j + 7. List the prime factors of f(7).
2, 3, 7, 11
Let r = 3208 - 1518. What are the prime factors of r?
2, 5, 13
Suppose 5*z + 530 = -0*z. Let x = 163 + z. What are the prime factors of x?
3, 19
Suppose -4*z + 14 = -14. Suppose 0 = -5*f + 22 - z. What are the p